9
17 + (19 - 12 - 13)
11
What is 2 + -20 + (-254 - -271)?
-1
Evaluate (70 - 67) + (0 - (-5 + 4)).
4
Evaluate -11 + -6 + 7 + 5.
-5
-9 - ((1 - 2 - 8) + 23 - 2)
-21
11 + -9 + (-21 - 7) - -1
-25
Calculate (-8 - 3 - -8 - 9) + 5.
-7
What is (0 - 4) + (9 - 25 - -10)?
-10
Evaluate -29 - 1 - (85 - 99).
-16
What is 11 - (-6 + 11 + -10 + 11)?
5
Calculate -17 + 16 + 6 + -14 + 6.
-3
Evaluate -4 - (1 + 2 - (6 - -1 - 7)).
-7
Calculate (7 - 12 - -15) + 12 + -23.
-1
Calculate 6 - (-1 - 6 - -11).
2
-11 + 8 - ((1 - 7) + 12)
-9
Calculate -29 + (37 - 1) - -12.
19
(-55 - -21 - -20) + (9 - 5)
-10
What is the value of -10 + 8 - (-10 - (10 - 5))?
13
What is (-11 - -6) + -21 + 37?
11
What is the value of 11 + 2 + 1 - (-158 + 151)?
21
What is the value of -18 - (-4 + -7 - -4)?
-11
What is 32 + -20 + 5 - 5?
12
Calculate (-3 + 24 - 24) + 4.
1
Evaluate -16 - (15 - 27) - -19.
15
What is the value of -238 - -212 - (-3 - 29)?
6
What is (-47 + 17 - -22) + (14 - 1 - 2)?
3
What is -5 + -5 + -7 - (17 + -36)?
2
(-1 + 2 - -2) + 72 + (-176 - -82)
-19
Evaluate (-15 - (21 + -37)) + -8 + 28.
21
What is -56 + 66 + (-1 - 1) - 9?
-1
What is (0 - 1) + (475 - 492)?
-18
What is the value of -12 + (3 - (12 + -9 + 4))?
-16
What is 17 + (-5 - -13) + -66?
-41
Calculate (-26 - -18) + 4 + 1.
-3
Calculate (-1 - -15) + (-19 - -10) - 3.
2
What is 10 + (-4 - -6) - (7 - -2) - -26?
29
Calculate 6 - (-2 + -6 - -6) - 26.
-18
What is the value of 25 + -45 + (12 - -5)?
-3
What is the value of 24 + -15 + (22 - 38)?
-7
What is 4 + 3 - (-7 + 6 - (-1 + 9))?
16
Evaluate 23 + -10 + -3 + -7 - -21.
24
What is -1 + -2 + (6 - (-16 - -30))?
-11
(-2 + 5 - 26) + -8 - -7
-24
What is 6 + (15 + -12 + 3 + -7 - -9)?
14
Evaluate 0 - (7 - (-4 + 17)).
6
Calculate 17 + -9 - ((-1 - -6) + 11).
-8
Calculate (74 - 43) + -2 + -40.
-11
Calculate (0 + 3 - 1) + 8 + 12 + -30.
-8
Evaluate 0 + 11 - (412 - 414).
13
What is -1 - 0 - (16 - (20 - 2))?
1
3 - (4 + -9 + 5 + 6)
-3
What is the value of (-6 - 17) + 22 + 19?
18
Evaluate -4 + -24 + (-1 - -21).
-8
What is the value of -23 + 6 - -31 - -1?
15
What is the value of -20 + 8 - ((4 + -5 - -6) + 0)?
-17
What is the value of 1 + -2 + (152 - 143)?
8
What is the value of (-12 - -5 - -11) + (-3 - (-1 - -4))?
-2
What is (-20 - (-28 + -2)) + (1 + -2 - 0)?
9
Evaluate (26 - 10 - 20) + (13 - 2).
7
Evaluate 9 - (12 + 6) - -6.
-3
What is the value of (3 + -10 - -21) + -26 + -16?
-28
What is the value of -12 + (-25 - -31) + (-13 - 2)?
-21
What is 15 - (-4 + 1) - (3 + -35 + 37)?
13
What is the value of 1 - 2 - (3 + 14 + -12 + -3)?
-3
What is (2 + -7 + 2 - -5) + -3 - -4?
3
Evaluate (9 + -23 - -11) + -6 - (0 + -4).
-5
What is the value of -2 + -12 + 25 + -10 + -17?
-16
What is the value of -11 + (-10 + -1 - 0 - (-150 - -142))?
-14
-12 + 0 - -1 - (18 - (24 + -6))
-11
10 + -27 - -21 - (-7 - -2)
9
What is the value of 4 - (0 - (8 - 8))?
4
What is the value of 8 - (-10 + 13 + -8 + 26)?
-13
Calculate 17 + 2 + -4 - (-16 - -24).
7
Calculate (-24 - -29) + (16 - 5) - 34.
-18
What is 367 + -384 + -1 + 21?
3
Evaluate -7 + (11 - (-3 - 9 - -6)).
10
(-58 - -36) + 13 + 39
30
What is the value of -6 - -10 - -4 - (9 - 8)?
7
What is 15 - 1 - (417 - 389)?
-14
Evaluate 7 - (0 - 13 - -24).
-4
What is the value of -3 + -1 + 3 - (-43 - -38) - -16?
20
8 + (5 - 3) - (0 + 5)
5
Calculate 1 + 29 + 0 - (-96 - (3 + -106)).
23
6 - 2 - (-16 - (-3 - 5))
12
Calculate 4 + -12 + 18 + -14 + (-16 - 0).
-20
(-1 - -7) + -2 - 14 - -18
8
What is -6 + 0 + (13 - (-8 + 8))?
7
What is 9 - ((9 + -5 - 10) + -9 + 8)?
16
Evaluate (6 - 6) + -6 + (12 - -2).
8
Evaluate (-2 - 0 - 18) + (-41 - -21 - -26).
-14
Calculate -666 - -658 - (-13 + 1).
4
Calculate -16 + 11 + 14 - 15.
-6
(-4 - -22) + -85 + 72
5
Evaluate -13 - ((2 - 9 - (3 - -1)) + 7).
-9
What is 0 + 34 - (-389 - -407)?
16
Calculate -13 - (-18 + (14 - 15)).
6
What is the value of -12 - -17 - -1 - (2 + 6 + -1)?
-1
What is the value of -985 - -975 - (-2 + -1 + -5)?
-2
18 - (36 + (-17 - 15))
14
What is the value of -5 - (-3 + (7 - -6)) - (1 - 1)?
-15
Calculate (34 - 30) + -8 + 8.
4
Evaluate (2 - 7) + (-2 - -1 - (14 - 10)).
-10
Calculate -11 + -11 + (19 - 12).
-15
4 - (-14 + 14) - 11
-7
What is -39 + 42 + (1 - -3) + 0?
7
(-19 - -20) + -16 + 38
23
Calculate (4 - (8 + 9)) + 20.
7
What is the value of 4 - (77 - 74 - (0 + 1))?
2
(-9 - -14) + -12 - (-18 - (-1 - -1))
11
What is (-8 - -3 - -2) + (9 - 3) + 8?
11
-1 + -8 + 53 + -34 + -16
-6
Evaluate -6 + (30 + -15 - 4 - -8).
13
What is the value of -28 + (-3 + 14 - (3 + -1)) - -11?
-8
What is -30 - -35 - (-5 + (0 - 1) + -1)?
12
-20 + -1 + 2 - -15
-4
What is the value of 18 + (-41 - (-10 + -10))?
-3
Evaluate 6 + 8 - (-7 - -13).
8
Evaluate (6 - 28) + 4 + (3 - 5).
-20
Calculate 38 + -17 + 3 + -6.
18
Calculate (-16 - -5) + 6 + -3 - (-5 - 0).
-3
What is the value of (4 - (14 - 4)) + (12 - 21 - -18)?
3
44 - (26 + 5) - (1 + -4)
16
Calculate -109 + 28 + 79 + 16 + (-1 - -2).
15
What is the value of (5489 - 5499) + (2 - (-1 + 2))?
-9
Evaluate 3 + 22 + -24 - -10.
11
What is the value of 14 - (-6 + 41 + -19 + -18)?
16
What is 5 + 3 + (15 - 3) + (-2 - 4)?
14
Calculate -1 + -18 - (114 - 117).
-16
What is 3 - (19 - (39 + -18))?
5
(10 - -3) + -14 + 8
7
7 + (1 - -6 - (9 + 1)) + -18
-14
Evaluate -2 + -6 + (-5 + -8 - -20).
-1
What is 20 + 3 + -15 + 1 + 5?
14
Calculate 7 + 2 + (-7 - -3) + (3 - 5).
3
Evaluate 0 + -1 + 15 + (4 - 37).
-19
Evaluate -33 - (-13 - 1) - -15.
-4
-14 + 12 - (-13 + 9 + -3)
5
Calculate 3 + 5 - (-30 + 37 + (-1 - -1)).
1
What is the value of -17 + ((-26 - -10) + 21 - 0)?
-12
0 + 0 + (9 - 5) + (-4 - -3)
3
Calculate (-16 - ((-2 - -13) + -19)) + -4.
-12
Calculate 8 - -2 - 6 - (25 + -31).
10
Evaluate -1 + -3 + 6 - (-21 + 5 - -2).
16
Evaluate -228 - -222 - (-2 + 0 + 1) - -6.
1
(-2 + (-8 - (-3 + -6)) - 0) + -12
-13
What is (-40 - -23) + 22 + -26?
-21
Calculate (20 - 62) + 14 - -26.
-2
What is the value of -6 - 3 - 2 - (-17 - (-49 - -12))?
-31
What is the value of 8 + (-21 - -25) + -6?
6
What is (6 - (7 + -2)) + (-1 - -12)?
12
What is 150 + -135 - (25 - 1) - 7?
-16
What is 13 + (-7 - (-2 + 3)) + 7?
12
What is the value of 2 + (9 + -5 - 0) + (19 - 23)?
2
11 + -7 + 4 + 1 + 8
17
What is -3 + 16 + -20 + -2 + 12?
3
Evaluate -1 - ((1 - 4) + -8 - 0) - 2.
8
What is (34 - 0) + 60 + (-22 - 43)?
29
Calculate (-24 - 11) + -1 + 12.
-24
What is -28 - -28 - -22 - 1?
21
What is 1 + 29 - (-106 + 122)?
14
What is (15 - 6) + -4 + -19?
-14
Calculate 8 - ((-9 - 5) + 8 - 6).
20
Calculate -6 - ((-9 - 0) + (-9 - -29)).
-17
(-7 - -1) + (5 - 8 - -1 - 16)
-24
Calculate 20 + 7 + 3 + -14.
16
What is -2 + 2 - (-4 + (-7 - -9))?
2
What is the value of (0 - -6 - -8 - 29) + -12?
-27
9 - 10 - -15 - (2 + 6)
6
What is the value of -70 - (-62 - -10) - (20 - -2)?
-40
What is the value of 7 + (-12 - -18) - -3?
16
-14 - (-29 - -17) - (-16 + (-2 - -1))
15
-1 - (-4 - (-8 + 4)) - (13 - 13)
-1
Calculate 16 + -12 + 4 + 5.
13
Calculate -4 - ((-7 - -9) + -5 - 2 - -19).
-18
What is the value of (-39 - -25 - 29) + 37?
-6
Calculate (12 - 10) + 0 + 10.
12
What is (-29 - -5) + 12 - -23?
11
Evaluate (-8 - -13) + -8 + -4 + 0.
-7
What is -39 + 1 + 35 - 28?
-31
What is -23 - ((13 - 19) + -18)?
1
What is the value of 14 - (4 + -1 - -2) - (-17 - -8)?
18
What is 1 + -2 - (-39 - -50)?
-12
What is the value of -4 + (6 - 4) + -3 - -16?
11
Calculate 3 + -5 + 1 + -12 + 11 - 12.
-14
Calculate (-10 - -15 - (-7 - -21)) + 7.
-2
3 + 0 + 1 - (-12 + -17 + 33)
0
What is the value of 9 + (0 - 2) + (-5 - -4)?
6
What is (-7 - 0) + -159 + 171 - (35 + -12)?
-18
What is the value of 8 - -23 - ((17 + -9 - 4) + -2)?
29
What is the value of 5 - (3 + -10) - 17?
-5
6 - (9 + -13 + (-1 - -17) + 6)
-12
Calculate -3 + 0 + 9 + -1 + -8.
-3
What is the value of 9 - (5 - -17) - (4 + -9)?
-8
Evaluate (-6 - (11 - 20) - 1) + 36.
38
Evaluate (33 - 28) + 0 - (-1 - 8) - -8.
22
Calculate (-9 - -1 - -7 - -18) + -8.
9
Evaluate (10 + 10 - 8) + -9.
3
-3 + 0 + 11 + 2
10
What is (169 - 201) + (1 - -22)?
-9
Calculate (12 - (2 + 7 - (24 - 21))) + 0.
6
Evaluate (3 - (5 - (-8 - -15) - -11)) + 1.
-5
Calculate (5 - (1 - (3 + 6))) + -1 + -5.
7
What is -14 + (224 + -217 - (-22 + -1))?
16
What is -104 + 95 + -2 + 5?
-6
Calculate -7 + 7 + -4 - (9 - (13 + 18)).
18
What is (-32 - 47) + 32 + 19?
-28
(-1 - -11) + -24 + -13 + -5
-32
1 + -2 + 0 - -12 - (-3084 + 3108)
-13
(1 - 4) + (-7 - (-